{"id":137,"date":"2024-09-14T20:56:40","date_gmt":"2024-09-14T18:56:40","guid":{"rendered":"https:\/\/www.notredamedecharentonne.com\/?page_id=137"},"modified":"2024-09-14T20:56:40","modified_gmt":"2024-09-14T18:56:40","slug":"accueil-2","status":"publish","type":"page","link":"https:\/\/notredamedecharentonne.com\/index.php\/accueil-2\/","title":{"rendered":"Accueil"},"content":{"rendered":"\n<figure class=\"wp-block-image size-large\"><img loading=\"lazy\" decoding=\"async\" width=\"1024\" height=\"755\" src=\"http:\/\/www.notredamedecharentonne.com\/wp-content\/uploads\/2024\/09\/daisies-712892_1280-1024x755.jpg\" alt=\"\" class=\"wp-image-135\" srcset=\"https:\/\/notredamedecharentonne.com\/wp-content\/uploads\/2024\/09\/daisies-712892_1280-1024x755.jpg 1024w, https:\/\/notredamedecharentonne.com\/wp-content\/uploads\/2024\/09\/daisies-712892_1280-300x221.jpg 300w, https:\/\/notredamedecharentonne.com\/wp-content\/uploads\/2024\/09\/daisies-712892_1280-768x566.jpg 768w, https:\/\/notredamedecharentonne.com\/wp-content\/uploads\/2024\/09\/daisies-712892_1280.jpg 1280w\" sizes=\"auto, (max-width: 1024px) 100vw, 1024px\" \/><\/figure>\n\n\n\n<p>L&rsquo;accueil se fait au Presbyt\u00e8re, au<strong> 49 rue Thiers 27300 Bernay<\/strong><\/p>\n\n\n\n<p><strong>t\u00e9l\u00e9phone : 02 32 43 06 82<\/strong><strong><\/strong> E-mail : <strong>paroisse.charentonne@orange.fr<\/strong><strong><\/strong><\/p>\n\n\n\n<p>Site : <a href=\"https:\/\/notredamedecharentonne.com\/\" target=\"_blank\" rel=\"noreferrer noopener\">https:\/\/notredamedecharentonne.com\/<\/a><\/p>\n\n\n\n<p class=\"has-text-align-center\"><strong><mark style=\"background-color:rgba(0, 0, 0, 0)\" class=\"has-inline-color has-neve-link-hover-color-color\">PERMANENCES : <\/mark><\/strong><\/p>\n\n\n\n<p class=\"has-text-align-center\"><strong>lundi, mardi, jeudi et vendredi : de 16h \u00e0 18h<\/strong><\/p>\n\n\n\n<p class=\"has-text-align-center\"><strong>mercredi et samedi : de 10h \u00e0 12h.<\/strong><\/p>\n\n\n\n<p class=\"has-text-align-center\"><em><mark style=\"background-color:rgba(0, 0, 0, 0)\" class=\"has-inline-color has-nv-c-2-color\"><strong>En juillet-ao\u00fbt :<\/strong><\/mark><\/em> mercredi 10h-12h ; vendredi 16h-18h ; samedi : 10h-12h<\/p>\n\n\n\n<ul class=\"wp-block-list\">\n<li>Pour obtenir les coordonn\u00e9es des personnes responsables d\u2019un des services propos\u00e9s,<\/li>\n<\/ul>\n\n\n\n<p>merci de vous adresser au secr\u00e9tariat aux horaires d\u2019ouverture.<\/p>\n\n\n\n<ul class=\"wp-block-list\">\n<li>Si vous d\u00e9sirez rejoindre l\u2019une ou l\u2019autre \u00e9quipe vous pouvez aussi contacter le secr\u00e9tariat<\/li>\n<\/ul>\n\n\n\n<p><\/p>\n","protected":false},"excerpt":{"rendered":"<p>L&rsquo;accueil se fait au Presbyt\u00e8re, au 49 rue Thiers 27300 Bernay t\u00e9l\u00e9phone : 02 32 43 06 82 E-mail : paroisse.charentonne@orange.fr Site : https:\/\/notredamedecharentonne.com\/ PERMANENCES : lundi, mardi, jeudi et vendredi : de 16h \u00e0 18h mercredi et samedi : de 10h \u00e0 12h. En juillet-ao\u00fbt : mercredi 10h-12h ; vendredi 16h-18h ; samedi :&hellip;&nbsp;<a href=\"https:\/\/notredamedecharentonne.com\/index.php\/accueil-2\/\" class=\"\" rel=\"bookmark\">Lire la suite &raquo;<span class=\"screen-reader-text\">Accueil<\/span><\/a><\/p>\n","protected":false},"author":1,"featured_media":0,"parent":0,"menu_order":0,"comment_status":"closed","ping_status":"closed","template":"","meta":{"neve_meta_sidebar":"","neve_meta_container":"","neve_meta_enable_content_width":"","neve_meta_content_width":0,"neve_meta_title_alignment":"","neve_meta_author_avatar":"","neve_post_elements_order":"","neve_meta_disable_header":"","neve_meta_disable_footer":"","neve_meta_disable_title":"","footnotes":""},"class_list":["post-137","page","type-page","status-publish","hentry"],"_links":{"self":[{"href":"https:\/\/notredamedecharentonne.com\/index.php\/wp-json\/wp\/v2\/pages\/137","targetHints":{"allow":["GET"]}}],"collection":[{"href":"https:\/\/notredamedecharentonne.com\/index.php\/wp-json\/wp\/v2\/pages"}],"about":[{"href":"https:\/\/notredamedecharentonne.com\/index.php\/wp-json\/wp\/v2\/types\/page"}],"author":[{"embeddable":true,"href":"https:\/\/notredamedecharentonne.com\/index.php\/wp-json\/wp\/v2\/users\/1"}],"replies":[{"embeddable":true,"href":"https:\/\/notredamedecharentonne.com\/index.php\/wp-json\/wp\/v2\/comments?post=137"}],"version-history":[{"count":1,"href":"https:\/\/notredamedecharentonne.com\/index.php\/wp-json\/wp\/v2\/pages\/137\/revisions"}],"predecessor-version":[{"id":139,"href":"https:\/\/notredamedecharentonne.com\/index.php\/wp-json\/wp\/v2\/pages\/137\/revisions\/139"}],"wp:attachment":[{"href":"https:\/\/notredamedecharentonne.com\/index.php\/wp-json\/wp\/v2\/media?parent=137"}],"curies":[{"name":"wp","href":"https:\/\/api.w.org\/{rel}","templated":true}]}}